 + 5*d**2 + 4*d + 6. Let b(q) = -q**2 + 2*q + 4. Let w be b(4). Determine i(w).
6
Let n(s) = 5*s - 1. Let a(v) = -6*v + 1. Let c(w) = 6*a(w) + 7*n(w). What is c(-1)?
0
Let f(s) = -3*s + 8. Let t be (-20)/1*4/(-16). Determine f(t).
-7
Let o(u) = 5*u**2 - 9*u + 5. Let a(b) = -b**2 + 2*b - 1. Let p(w) = 9*a(w) + 2*o(w). What is p(0)?
1
Let c(o) = 2. Let d(n) = n**2 - n + 7. Let a(b) = -5*c(b) + d(b). Determine a(0).
-3
Let w(q) = -q**3 - 2*q**2 + q. Let r be w(-3). Let u(l) = 2*l - 1. Let j(p) = -2*p + 2. Let i(h) = r*j(h) + 5*u(h). Determine i(6).
-5
Let b(w) = 5*w + 2. Suppose -4*q = -4*r + 36, -2*q + 5*q + 11 = -r. Let m be 9/r + (-1)/4. What is b(m)?
12
Suppose -3*v = -2*v - 6. Let g(r) = r**2 - 6*r - 2. Determine g(v).
-2
Suppose 2*w - 3*w = -2. Let o(p) = -6*p - 8. Let m(l) = 5*l + 7. Let q(k) = -7*m(k) - 6*o(k). Calculate q(w).
1
Suppose -4*j + 23 = -1. Let x(v) = v**3 - 5*v**2 - 6*v - 3. Calculate x(j).
-3
Suppose -28 - 5 = -3*f + 3*b, 4*f = -5*b - 1. Suppose v - 4*v = f. Let c(s) = -2*s**2 - s + 2. Give c(v).
-4
Suppose 59 = 5*r - c, r - 2*c - 14 = -4*c. Let m(b) = b - 21. Let g be m(13). Let i = r + g. Let a(h) = -h**3 + 4*h**2 - 3*h + 5. Calculate a(i).
-7
Let t(f) = -6*f**3 + 4*f - 14. Let y(x) = 7*x**3 + x**2 - 3*x + 15. Let a(i) = -6*t(i) - 5*y(i). Calculate a(6).
-9
Let h(d) be the first derivative of d**4/2 - d**3 + 2*d - 10. Let f be (-14)/(-49)*(-7)/(-1). Give h(f).
6
Suppose -w + 5 - 1 = 0. Let a(o) be the third derivative of -o**4/12 + o**3/3 - 5*o**2. Calculate a(w).
-6
Let a(m) = -m + 2. Let d(p) = -2*p**3 - 13*p**2 - 3*p + 24. Let z be d(-6). What is a(z)?
-4
Let g(x) be the second derivative of -x**5/20 + 5*x**4/12 - 2*x**3/3 + x**2 + 4*x. Let i = 11 + -8. Suppose -k = i*w - w - 10, 2*w + 2 = 5*k. Give g(k).
6
Suppose 0 = 7*w - 14 + 7. Let x(l) = -3*l + 1. Calculate x(w).
-2
Let w = 3 + -4. Let q = w + 2. Let b(r) = -2*r - 7*r + r + r + q. What is b(-1)?
8
Suppose l = -k + 3, 3*l - 3*k - 7 - 8 = 0. Let a(g) = -g + 6. Let f be a(l). Let w(j) = 2*j - 3. Give w(f).
1
Let h(o) = 1. Let z(r) = -r + 12. Suppose -v = 2*v + 3. Let l(b) = v*z(b) + 6*h(b). Suppose 9*t + 7*t = 15*t. What is l(t)?
-6
Let h(m) = -m**2 - 2*m. Let n be h(-3). Let x(y) = y**3 + 3*y**2 + 3*y + 3. Give x(n).
-6
Let k(c) = c - 5. Let q be k(8). Suppose -f - 9 = q*n, 4 = 2*f - 2. Let m(r) = -r**3 - 5*r**2 - 5*r + 1. Give m(n).
5
Let u(c) be the third derivative of c**4/24 + 29*c**2. Let p be ((-4)/3)/(1/(-3)). Give u(p).
4
Let f(r) = r. Let t be f(2). Suppose -7 = -3*w - t*n, -8 = -3*w - w - 4*n. Suppose -w*a = a + u + 17, 2*a + 5 = 3*u. Let j(p) = -p**3 - 4*p**2 + 1. Give j(a).
1
Let d(z) = z - 4. Let v be (-6)/(-8) + (-104)/(-32). Determine d(v).
0
Let w(d) = -d**2 - 4*d. Let z be (-8)/(-20)*(11 - 1). Let a(t) = t**2 - 4*t. Let c be a(z). Suppose u = -c*u - 3. Calculate w(u).
3
Let d(z) = -2*z + 4. Let w(t) = t**2 + 3*t + 6. Let o be w(-5). Suppose l - 5*m = 15, -2*m = l + 3*l - o. Determine d(l).
-6
Let f(z) = z. Let t be f(1). Let c(o) = o**2 + 2*o - 10. Let w(i) = 1. Let g(a) = t*c(a) + 5*w(a). Give g(-5).
10
Let l(r) = r + 0*r - 1 + 1. Let d be l(4). Let z(c) = c**2 - 4*c - 2. Determine z(d).
-2
Let b(m) = m**3 + 9*m**2 - 9*m - 5. Let d(p) = 6*p + 1 - p**3 + 5 - 10*p**2 - p**3 + 4*p. Let z(q) = 3*b(q) + 2*d(q). Determine z(6).
-9
Let z(t) = -6*t**2 + 4*t + 6. Let g(d) = 5 - 3 + 5*d**2 - 8 - 3*d. Let a = 13 - 8. Let n(h) = a*g(h) + 4*z(h). Give n(0).
-6
Let c(i) = -10*i + 8. Let p(h) = -3*h + 3. Let r(w) = -4*c(w) + 11*p(w). Suppose 0 = -4*a - 2*m - 4, -2*a = m + 2*m + 10. Calculate r(a).
8
Let q(y) = y**2 - y - 2. Let p(u) = u - 1. Suppose 3*m - 5*r + 18 = m, 10 = 2*m + 2*r. Let b be p(m). Determine q(b).
-2
Let h(z) = 2*z - 3. Let k = -26 + 37. Let f = -14 + k. Give h(f).
-9
Let f(s) = 3*s - s + 0 - s - 3. Give f(-4).
-7
Let m(q) = -55*q - 6 + 30*q + 23*q. Give m(5).
-16
Let f(s) = s**2 - 3*s - 2. Let x be f(4). Suppose 7*m + 3*u - 30 = x*m, u = 0. Let b(v) = v**2 - 8*v + 8. Determine b(m).
-4
Let h(y) = 2*y + 6. Let z(i) = i**2 - 5*i + 2. Suppose -2*u - 3 = -7. Let o be z(u). Determine h(o).
-2
Suppose 0*a = a - 11. Let u(x) be the third derivative of -x**5/60 + x**4/2 - 5*x**3/3 + 3*x**2. Let i be u(a). Let o(r) = -r**3 + 2*r**2 - r. Calculate o(i).
0
Let s(z) = 3*z + 5*z - z**2 + 9 + 1 + z. What is s(9)?
10
Let i(y) be the first derivative of -y**2 + 1/4*y**4 + 4 - 2*y + 2/3*y**3. Calculate i(-3).
-5
Let s(o) = 5*o + 6. Let l(r) = -26*r - 31. Let c(d) = 2*l(d) + 11*s(d). Suppose 17 = -5*u + 2. What is c(u)?
-5
Let y(u) = -4*u - 2. Let x be y(-1). Let i(g) = -1 - g**3 - 4*g - 5*g**2 - 3*g - 1 - x*g**2. Calculate i(-6).
4
Let d(v) = -v**3 - 6*v**2 - 7*v - 4. Let y = -4 - -6. Suppose y*i = 8*u - 3*u + 15, -u - 30 = 5*i. What is d(i)?
6
Let a(k) = 11 - 18 + 9 - k. Suppose 2*r - 40 = -2*r. Suppose -r + 0 = 5*h. Give a(h).
4
Suppose -4*c = -7*c + 3. Let o(t) = t - 1. Let l be o(c). Let k(f) = f**2 + 2. Calculate k(l).
2
Let b be (-6)/(-3) - 6/(-2). Let q be (-10)/(-4)*(-4 - -6). Suppose -b*y + 20 = -y, -50 = -q*l - 5*y. Let u(r) = r - 4. Determine u(l).
1
Let c(j) be the first derivative of -7*j**4/24 - j**3/6 - j**2/2 + 3. Let h(r) be the second derivative of c(r). Calculate h(-2).
13
Let v(q) = -11*q**2 - 7*q - 15. Let x(g) = 5*g**2 + 3*g + 7. Let u(a) = -6*v(a) - 13*x(a). Let b = 12 - 11. Let r = b + -5. What is u(r)?
3
Let k(v) = -2*v - 9. Suppose 0*u + 36 = 3*u. Suppose 4*d + 16 = 5*n - u, -4*d = 5*n + 28. Determine k(d).
5
Let v = 2 + 0. Suppose v*i - 10 = -2. Let k(o) = -i - 5*o + 0*o**2 + o**3 + 3*o**2 - 2*o**2. What is k(-3)?
-7
Let m be 5/(1 + 1 - 1). Suppose -l + m*s + 25 = -5, 2*s + 66 = 4*l. Suppose 0 = -4*y + 3*j + 9, -4*j + 9*j + l = -3*y. Let b(i) = -i**2 - i + 6. Give b(y).
6
Let k = 7 + -6. Suppose -4 = -f - k. Let d(p) be the first derivative of -3*p**2/2 + 4*p + 4. Determine d(f).
-5
Let k(g) = 3*g - 6. Let v = 11 - 9. Let x be 26/7 - v/(-7). Calculate k(x).
6
Let r(d) be the third derivative of -d**5/15 + d**4/24 - 27*d**2. What is r(2)?
-14
Let o be (-3)/(12 + -6)*(1 + -7). Let a(x) be the second derivative of 0*x**o + 0 - 1/12*x**4 + 3/2*x**2 + x. What is a(0)?
3
Suppose y - 2*y + 4 = 0. Let z(d) = y*d - 11 - d**2 + 6 + 2*d. Calculate z(5).
0
Let o(s) be the second derivative of s**4/6 - 2*s**3/3 - s**2 - 16*s. What is o(4)?
14
Let m(o) be the third derivative of o**5/120 + 7*o**3/6 - o**2. Let r(h) be the first derivative of m(h). Calculate r(6).
6
Suppose 3 = -0*w - w, -11 = z + 3*w. Let d(l) be the third derivative of -1/60*l**5 + 1/12*l**4 + 0 + 1/2*l**3 + 2*l**2 + 0*l. Determine d(z).
-5
Let c be 1 + (5/10)/(-1). Let k(l) be the second derivative of -1/6*l**4 + 0 + 2*l + 1/3*l**3 - c*l**2. Calculate k(2).
-5
Let x(d) be the third derivative of 5*d**4/24 + 2*d**3/3 + 7*d**2. What is x(-4)?
-16
Let t = -48 - -55. Let u(b) = -b**2 + 7*b + 1 + 2 + 4. What is u(t)?
7
Let w(k) = -k**3 + k**2 - 1. Suppose 0 = -2*y + 6 - 2. Suppose 4*c - 6 = y. Calculate w(c).
-5
Let x(m) = -5*m**2 - 11*m - 15. Let t(s) = s**2 + 3*s + 4. Let q(h) = -9*t(h) - 2*x(h). What is q(6)?
0
Let k(p) be the first derivative of -p**5/120 - p**4/24 - p**3/3 + 5. Let y(c) be the third derivative of k(c). Calculate y(2).
-3
Let u = -5 - -7. Let a(s) = 1 - s + s**3 + 3*s**2 - 3*s**2. Give a(u).
7
Let j(r) = 4*r + r - r - 2 - 3*r. Let i = -3 - -5. Suppose -3*t = -g - 4, 6 - i = -2*g + 4*t. Determine j(g).
0
Let j(o) = 4*o - 3. Suppose -8*i - 45 = -23*i. Determine j(i).
9
Let u(n) = 3*n**3 + 2*n - 4 - 2*n**3 + 4*n**2 - 2*n**3. Let t = 52 + -48. Calculate u(t).
4
Let q(d) = -5*d. Let t be (-48)/(-20) + (-4)/10. Let y = t + -2. Suppose y = -3*i - 2 + 5. Determine q(i).
-5
Let c(f) = -f**3 - 5*f**2 - 3*f - 7. Let j be (6/(-4))/(12/80). Let n = j + 3. Let y = n - -2. What is c(y)?
8
Let i(o) = 4*o**3 + 4*o**2 + o - 5. Let j(f) = 7*f**3 + 8*f**2 + f - 9. Let b(t) = 5*i(t) - 3*j(t). Calculate b(-5).
17
Let h(o) = -o**2 + o + 15. Let u be h(0). Let b be (-3)/1*u/(-9). Let g(f) = -6*f**2 - b*f + 0*f**3 + 5 - 5*f**3 + 4*f**3. What is g(-5)?
5
Let z(l) = 1 + 10 + 2*l - 3*l. Give z(8).
3
Let h(f) be the second derivative of f**4/12 - f**2/2 + f - 41. Calculate h(3).
8
Let k(u) be the first derivative of u**3/3 + 6*u**2 + 7*u + 32. Calculate k(-12).
7
Suppose -d - 4*f + 1 - 1